-25)*445. Suppose 97*t - 3825 = w*t. What is the units digit of t?
5
Let a = 7 - 8. Let h be a*(-2)/(-2)*-2. Suppose -5 = -p, -h*p + 48 = i - 1. What is the units digit of i?
9
Suppose 60 = -16*q + 12*q. Let m be 2 + (0 - 2) - (1 - 3). What is the hundreds digit of -3 - q/6*m - -183?
1
Let d(k) = 19979*k**2 - 7*k + 7. What is the ten thousands digit of d(1)?
1
Let h be -1*3*15/(630/(-56)). Suppose 4*i - 7*i + 9 = 0, h*k - 543 = -5*i. What is the hundreds digit of k?
1
Let z = 801 + -786. Suppose 1853 = z*d - 12472. What is the hundreds digit of d?
9
Let s be (-1)/5*-16 + (-17)/85. Suppose 0 = -4*w - s*j + 693, 5*w - 3 = -3*j + 864. What is the hundreds digit of w?
1
Let g be 4*15/(-10)*12/(-2). Let j(t) = -g + 14 + 29*t**2 + 9 + 4*t + 11. What is the hundreds digit of j(-2)?
1
Let y be (-12714)/(-546) + (-2)/7*1. What is the units digit of ((-1)/(-5))/(y/52555)?
7
Suppose 8*u - 14*u = -12. Suppose 13 = -3*b + 6*b + u*l, l = 2*b - 11. Suppose 0 = b*v - 9*v + 240. What is the units digit of v?
0
Let l(p) = -p**3 + 26*p**2 - 34*p - 8. Let i be l(21). Let u = i + -533. What is the hundreds digit of u?
9
Suppose 0 = -3*x + 6 + 42. Suppose -x*b + 4068 = -9084. What is the hundreds digit of b?
8
Let n(t) = -14*t**3 - 5*t**2 - 86*t - 863. What is the hundreds digit of n(-10)?
4
Suppose 9742*b = 9727*b + 13290. What is the hundreds digit of b?
8
Suppose 0 = -12*n + 12 - 72. Suppose 0 = 5*k - o - 2, 4*k - 2 = -2*o + 3*o. Let h = k - n. What is the units digit of h?
5
Suppose -2*w - 26 = -5*w + 2*q, -3*w + 3*q + 21 = 0. Let y be 7 - (w/3 + -2). What is the tens digit of -1*(0 - 60/y)?
1
Let q(y) = 1879*y + 265. Let v be q(6). Suppose 43*l - v - 15981 = 0. What is the units digit of l?
0
Suppose 780 = 25*a + 5*a. Let u = 17 - -24. Let k = u - a. What is the tens digit of k?
1
What is the hundreds digit of 34/714*7 + 697*(-134)/(-3)?
1
Suppose 432 = 89*q - 71*q. Let n(c) = c**3 - 24*c**2 + 49*c - 21. What is the hundreds digit of n(q)?
1
Let o(d) = d**3 + 2*d**2 - 2*d - 2. Let t be o(-4). Let w be ((-9)/6 + 3)*38. Let g = w + t. What is the units digit of g?
1
Suppose -5*v + 6*v - 10 = 0. Let g(f) = f + 44 - 7*f + v*f - 8*f. What is the tens digit of g(-11)?
8
Let h(u) = u**3 - 4*u**2 - 9*u + 18. Let v be h(5). What is the hundreds digit of v + (-1202)/(-1) - (1 + -2)?
2
Let v(l) = l**3 + 17*l**2 + 16*l - 18. Let t(k) = -3*k**2 + 6*k - 7. Let z be t(3). Let f be v(z). What is the tens digit of (-6)/(-27) + (-1364)/f?
7
Let v = 4413 - -2956. What is the tens digit of v?
6
Let o be (0 - 0)/((-3)/15*-5). Suppose 3*x - 315 = -o*x. Suppose -14*d = -9*d - x. What is the units digit of d?
1
Let g = 47 - 43. Let j be (36/(-8) + g)*6. Let h(c) = 11*c**2 - 7*c - 9. What is the tens digit of h(j)?
1
Let u be (6/(-8)*-2)/(6/(-20)). Let j = -11 - u. What is the units digit of (11 + j)/(3/75)?
5
What is the units digit of 264/80*-15*((-1164)/9)/2?
1
Suppose -q + 4*g = -66, 2*q + 4*g = 62 + 22. What is the units digit of (q/5)/2 + 2?
7
Let b = -84622 - -122567. What is the ten thousands digit of b?
3
Suppose 7*o - 8*o + 3*w = 27, 0 = 5*w - 15. Let d be 6/4*12/o. What is the tens digit of (-1376)/24*(d - 2)?
7
What is the tens digit of 25893 - (-2 - -1)/(126/28 + -4)?
9
Suppose -21*j - 2 = -23*j. Let n be (2 - (j + -1))/(2/6). What is the tens digit of -1 - -71 - (10 - n)?
6
Let l(z) be the first derivative of 44*z**3/3 - 13*z**2/2 + z - 201. What is the units digit of l(3)?
8
Let a be (-2)/4 + 1 + (-93)/(-2). Let h = a - 47. Suppose -l = 5*w - 45, 0 = 4*l + w - h*w - 161. What is the tens digit of l?
4
Let b(c) = 5*c**3 - c**2 - 2*c + 2. Let l be b(1). Suppose l*w + 722 = 5*v, 0*v = -v + 3*w + 140. Suppose 0 = 6*p - v - 1336. What is the units digit of p?
7
What is the thousands digit of 9762 - (-10 + 12 + -13)?
9
Let j be 5 + 0 + 164 + -3. Suppose 0 = j*d - 169*d + 3. What is the units digit of d?
1
Let b = -14045 - -23561. Suppose 0 = 28*j - 40*j + b. What is the tens digit of j?
9
Let t(i) = 42*i**3 + 5*i**2 - 18*i + 2. Let m be t(2). Let r = -84 + m. What is the units digit of r?
8
Let g be 2 - (-4)/(-1) - 217. Let m = 510 + g. What is the units digit of m?
1
Let j(g) = g**3 - 11*g**2 - g + 16. Suppose s + 0 - 11 = 0. Let k be j(s). Suppose 654 + 135 = 4*v + 5*z, 0 = -3*v + k*z + 618. What is the tens digit of v?
0
Let o(g) = -g + 11. Let a be o(7). Suppose -3*r - 238 = -4*k + 339, -3*r = a*k - 559. What is the hundreds digit of k?
1
Let r(i) = i**3 - 23*i**2 - 24*i + 11. Let p be r(24). Suppose 5*g + p*g - 5824 = 0. What is the tens digit of g?
6
What is the units digit of ((-1)/(1/(-7725)))/(-22 - -23)?
5
Let s(f) = f**3 - 20*f**2 + 21*f + 7. Let z be s(19). What is the tens digit of z + 9/6*8/(-6)?
4
Let j = 122 + -51. Let z = j - 67. Suppose 0 = z*v - 6*v + 4, 3*h - 229 = v. What is the units digit of h?
7
Suppose -t = -3*c - 10, -3*t - c = -2*c - 54. Let u(n) = -n**3 + 23*n**2 - 24*n - 17. What is the units digit of u(t)?
1
Let z be (0 - 1)/(8 + (-2308)/288). Suppose z*j + 12881 = 83*j. What is the tens digit of j?
7
Let m(d) = 16*d**3 - 496*d**2 + 27*d - 61. What is the units digit of m(32)?
7
Let q(x) = 2*x**2 - 30*x + 171. Let k be q(9). What is the thousands digit of (-84)/k*(-17163)/12?
1
Let o(w) = -13*w**2 - 30*w + 183. Let u(a) = -13*a**2 - 30*a + 182. Let z(m) = 6*o(m) - 7*u(m). What is the units digit of z(7)?
1
Let a(v) = 39*v + 38. Suppose 0 = -m - 4*m, j + 4*m - 21 = 0. What is the units digit of a(j)?
7
Let v be 4/18 - 16/(-9). Let z = 1225 + -1219. What is the units digit of (-420)/z*(-1)/v?
5
Suppose 5*c + k - 72115 = 14328, -3*c + 7*k = -51805. What is the units digit of c?
7
Let k(b) = 58*b**2 + 21*b + 282. What is the units digit of k(-12)?
2
Let j = -12 - -22. Suppose -z + 59 = -3*o, 17 = z + 5*o - j. Let y = 68 - z. What is the tens digit of y?
2
Let c(k) = -k**3 - 6*k**2 - 12*k - 11. Let q be c(-5). Suppose -27*b + 15 = -q*b. Suppose n - 236 = -3*j - n, b*n - 385 = -5*j. What is the units digit of j?
2
Let z(p) = p**3 + 69*p**2 + 92*p - 633. What is the tens digit of z(-46)?
0
Let g(n) = -n**3 + 3*n**2. Let t be g(0). Suppose 4*r = -t*r + 12. Suppose 0 = -5*u + r*v + 404, -2*u - 3*v = -u - 70. What is the units digit of u?
9
Suppose 0 = -5*h + 17*h - 1092. Let m = h + -73. Suppose -42 = -3*u + m. What is the units digit of u?
0
Suppose -2*h - 8 + 0 = 0, p - 20 = 4*h. Suppose -2*b = 3*m - b, p*b = 4*m + 16. What is the tens digit of (-1)/m + 1 + (-36)/(-3)?
1
Let h(j) = j - 6. Let v be h(9). Suppose -u + 173 = -v. Suppose m - 3*m + u = 2*f, 0 = m + 5*f - 96. What is the units digit of m?
6
Suppose -1567*h - 175746 = -1584*h. What is the tens digit of h?
3
Suppose -10 = -5*q, 3*q - 12 = -5*i + 7*q. Suppose -5*x + w = -3*w - 587, -448 = -4*x - i*w. What is the units digit of x?
5
Let y(j) be the first derivative of -9*j**2 - 5*j + 5. Suppose 124*v - 132*v = 40. What is the units digit of y(v)?
5
Let h = 20686 + 12946. What is the ten thousands digit of h?
3
Let m(y) = 267*y**3 + 26*y**2 - 76*y - 32. What is the tens digit of m(4)?
6
Let m = -499 + 782. Let v = 802 - m. What is the tens digit of v?
1
Let q(b) be the first derivative of 31*b**2 - 180*b + 250. What is the hundreds digit of q(23)?
2
Let a = 11 - 9. Suppose q - 4*y = 22, -a*y + 6*y = -16. Suppose -q*t - 360 = -9*t. What is the tens digit of t?
2
Suppose -53*r = -55*r + 3*b + 7619, -3*r + 11430 = -5*b. What is the tens digit of r?
0
Let h(f) be the first derivative of f**4/4 + 4*f**3 - 9*f**2/2 - 10*f - 147. Suppose 3*s + 46 = 5*a, 3*a = s + 5 + 13. What is the tens digit of h(s)?
9
Suppose -85 = 9*j - 14*j. Let r = 6 - -106. Let t = r + j. What is the units digit of t?
9
Suppose 0 = 4*d, -d - 2*d = -3*b + 12. Suppose -4*u + 4*j = j - 907, b*j - 203 = -u. What is the tens digit of u?
2
Suppose 43368 = 2*t + g, 87*t - 65073 = 84*t + 2*g. What is the hundreds digit of t?
6
Suppose 3*v = 2*j - 137365, -41*v + 46*v + 961539 = 14*j. What is the units digit of j?
1
Suppose -14*h = -16*h + 4. What is the tens digit of (-2*h)/(1*1/(-32))?
2
Let a be 1*976/(-8)*(0 - 1). Let p = a + -110. Suppose -2024 = -p*u + 808. What is the units digit of u?
6
Let t be 1/4 + ((-7)/(-4) - 0). Suppose -m - 578 = -t*r, -5*r + 1168 = -r + 4*m. Let c = r - 196. What is the units digit of c?
4
Let f = -5 -